= -o - k. What are the prime factors of f?
2, 3
Let s(g) = 26*g**2 + 59*g + 1637. What are the prime factors of s(-55)?
2, 7, 5503
Suppose 3*m + 5*z = 2*m - 23, 0 = -m + 3*z + 17. Suppose -11*p + 676 = m*p. List the prime factors of p.
2, 13
Let o(w) = -w - 2. Let u be o(-3). Suppose -2*s - 4*v + u = -3*v, -v + 1 = 3*s. Suppose 5*c - c - 20 = s. List the prime factors of c.
5
Suppose 2222560 = 290*m - 250*m. List the prime factors of m.
2, 29, 479
Let c be 1 - (6/3 + -1665). Let s = -74 + c. What are the prime factors of s?
2, 3, 5, 53
Let o(x) = 2*x - 19. Let d be o(12). Let y(n) = -8*n**2 + 2*n**3 + 6 + 4*n**2 + 4 - 3*n**2 + 7*n. What are the prime factors of y(d)?
2, 3, 5
Suppose -4*g = -0*g - 12. Suppose 0 = -5*h - 0*h + r - 24, -2*h + g*r - 20 = 0. What are the prime factors of 2/h + 1014/12?
2, 3, 7
Let g(c) = -21*c - 2. Let o be g(1). Let s = -26 - o. Let z(m) = -23*m - 2. What are the prime factors of z(s)?
67
Let l(y) = -234*y**3 - 4*y**2 + 5*y - 1. Let z be l(1). List the prime factors of -2 + 1723 + z/26.
2, 107
What are the prime factors of (14*(19 - 28))/(2 + (-1598)/796)?
2, 3, 7, 199
Let f = -314 + 318. Suppose f*u + 5*u - 3753 = 0. List the prime factors of u.
3, 139
Let x(g) = 3*g**2 - 12*g - 58. Let b be 18 + -23 + -3 + 2 + 18. What are the prime factors of x(b)?
2, 5, 23
Let r = 69 + -69. Let q(u) = -u**2 - 27. Let c be q(r). What are the prime factors of -4 - -6*(1 - c)?
2, 41
Suppose -5*x + 9*x = -5*c + 23963, -2*x = 4*c - 11974. What are the prime factors of x?
3, 1999
Suppose 9*v - 33 = -2*v. Let t be v/7 - (-3674)/(-14). List the prime factors of t/(-10) - 14/70.
2, 13
Let y = -129 + 117. Let l(f) = -16*f - 25. Let k(m) = 129*m + 201. Let b(j) = 4*k(j) + 33*l(j). List the prime factors of b(y).
3, 41
Let z be -4*(-2 + 15/10) - -1. Suppose 8 = -4*l, -z*f = -4*f + l + 271. List the prime factors of f.
269
Let j be ((20/3)/(-1))/(2/(-6)). Suppose j = -l + 19. Let a(n) = 71*n**2 - 4*n - 4. What are the prime factors of a(l)?
71
Let a = 3 + -1. Suppose 4*q = -o - 3*o + 8, 0 = -4*o + 3*q + 15. Suppose 0 = -2*g + o + 5, -2*w = a*g - 336. What are the prime factors of w?
2, 41
Suppose -u + 60 = 3*u. Let w(b) = b**3 - 13*b**2 - 14*b - 9. Let m be w(u). Let z = m + -155. What are the prime factors of z?
2, 19
Let z = 331 - 326. Suppose -5*i = -4*u - 4215, -i = 3*i + z*u - 3372. List the prime factors of i.
3, 281
Suppose -27250 = -8*x + 24705 - 4667. What are the prime factors of x?
23, 257
Suppose -j - 2*u + 1 = -15, j = -5*u + 28. Suppose -j*z + 12947 = 3611. What are the prime factors of z?
3, 389
Suppose 4*k - 8 = 0, -2*v + 23 = 3*k - 13. Let m be 1184/18 - (-4)/18. Let g = m + v. What are the prime factors of g?
3
Let n be 7 + (-4 - 1) + (-8 - -10). Suppose -4*g + n*r = -442 - 986, -r = 2*g - 717. Let s = -255 + g. List the prime factors of s.
103
Suppose 3*j - 6 = 2*y, y = -5*j + 5*y + 10. List the prime factors of -9 + 11 - (-116 - j).
2, 3, 5
Let p(q) = 2 - 1 - 3 + 6 - 4*q. Let s be p(0). Suppose 9*g - s*g - 55 = -4*x, -2*g = 5*x - 90. List the prime factors of x.
2, 5
Let p = 47710 + -28557. What are the prime factors of p?
107, 179
List the prime factors of 3116/(-4)*-2 - -9.
1567
Suppose 748 = -3*v - 1304. Let z = 1835 + v. List the prime factors of z.
1151
Let s(r) = -2*r**2 - 19*r - 11. Let y be s(-8). What are the prime factors of (-15 + y)/(2/(-241))?
241
Suppose 3*u + 4*q = -0*q + 7, -3*q + 6 = 3*u. Suppose 3*k + u = -11. List the prime factors of (175/(-15))/(k/12).
5, 7
Let x be -1 + 0/((-2)/(-2)). Let i = -853 - -849. List the prime factors of (9 - i/x) + 139.
2, 3
Let i(b) = b**3 + 9*b**2 + 6*b + 4. Suppose 5*g + 24 = 2*g. Let r be i(g). Let w = 66 - r. What are the prime factors of w?
2, 23
Suppose 2*y = 3*s + 164, -s - 3*y - 18 = 22. Let k = s + 55. Suppose 4*g + k*u - 260 = 0, -3*u + 65 = g - 0. List the prime factors of g.
5, 13
Let b(g) = 38*g - 3. Let o = 10 - 9. Let f be b(o). Suppose -f*c - 510 = -40*c. List the prime factors of c.
2, 3, 17
Let d be (-18)/3*2*10/(-4). Suppose 7*i = d + 12. List the prime factors of 15/((-25)/(-10)*i/260).
2, 5, 13
Suppose 0 = 114*d - 504129 - 862845. List the prime factors of d.
3, 7, 571
Suppose -2*g = 5*z - 1, -z - 4*z + 17 = 4*g. Suppose 4*r - g*r = -58464. List the prime factors of (16/(-6) + 2)*r/(-48).
7, 29
Let r(t) = 99*t**3 + 3*t**2 - t - 1. Suppose 2*b + o = 155, -4*o + 9*o = -b + 55. Let f = b + -79. What are the prime factors of r(f)?
2, 5
List the prime factors of (-4508)/(-8)*(0 + 28) + 3 + 0.
43, 367
Suppose -5*i - 1375 = x, 0*x - 2*x = -5*i - 1375. Let y = 370 + i. What are the prime factors of y?
5, 19
Let p be -47 + 52 - (0 - 2227). Suppose -11*o = -2*o - p. What are the prime factors of o?
2, 31
Let d(g) = -7*g - 109 + 55*g + 5*g. What are the prime factors of d(8)?
3, 5, 7
Let q(z) = -27*z + 9862. List the prime factors of q(24).
2, 17, 271
Let p be 3 + -6*24330/(-12) + 0. Suppose -p = -57*g + 49*g. List the prime factors of g.
3, 13
Let j = 358 + 2127. List the prime factors of j.
5, 7, 71
Let s be 2 + 2328 + 6 - 6. Let v = -1460 + s. What are the prime factors of v?
2, 3, 5, 29
Let b = -19206 + 24302. List the prime factors of b.
2, 7, 13
Let l(y) = y**3 - 9*y**2 + 9*y - 2. Let k be l(8). Suppose -9*o = k*o - 4455. List the prime factors of o.
3, 11
Let h(c) = c**2 + c + 1. Let w(z) = -z**2 + 35*z - 16. Let q(k) = -2*h(k) - w(k). What are the prime factors of q(-18)?
2, 89
Suppose 4*u - 3*j - 67 = 0, 3*j - 35 = -2*u - 6. Suppose -u + 24 = 2*h. Let k(x) = 6*x**2 + 7. List the prime factors of k(h).
103
Let f(b) = b**2 - 25*b + 4549. List the prime factors of f(58).
23, 281
Let a(n) = 433*n**2 - 146*n - 953. What are the prime factors of a(-8)?
3, 29, 107
Let b(k) = 8 + 89*k + 9 - 24. List the prime factors of b(2).
3, 19
Let p = -592 + 598. Suppose -2*b = -4*w - p*b + 5504, -4128 = -3*w + b. List the prime factors of w.
2, 43
Let a be 1/(-3)*1476/(-12). Suppose 0 = 3*g - 0*t + t + 90, 5*g + 4*t + 150 = 0. Let w = g + a. What are the prime factors of w?
11
Suppose 15*r - 46 = 29. Suppose r*h - 2*h + 4*g - 3164 = 0, h + 2*g - 1054 = 0. List the prime factors of h.
2, 3, 11
Let u(a) = -a**3 - a**2 - 2*a + 18. Suppose 2*j = -2*j. Let l be u(j). Suppose 2*g + 30 = 2*c + 8, -2*g + l = 2*c. List the prime factors of c.
2, 5
Let w = 173 + -338. Let u be (w/10)/((-6)/4). Suppose u*i - 13*i + 54 = 0. List the prime factors of i.
3
Let d = 16211 - 10908. List the prime factors of d.
5303
Let v(s) = 177*s**3 + s**2 - s + 1. Let o = -68 - -73. Suppose -5*f = o, -4*p + 5 = -8*f + 7*f. List the prime factors of v(p).
2, 89
Suppose 6*s - 30 - 24 = 0. Let m be 28/(-12) + 2 + 1353/s. Let l = 254 - m. What are the prime factors of l?
2, 13
Suppose -5*w + 16200 - 1156 = 2*z, 0 = 3*z - 2*w - 22490. What are the prime factors of z?
2, 11, 31
Let b(r) = 2*r - r + 0*r + 3 - 6*r. Let t = 39 - 42. List the prime factors of b(t).
2, 3
Let k = -577 - -581. Suppose -w - b = -66, 3*b - k*b = 0. What are the prime factors of w?
2, 3, 11
Let m be (59 - (-5 + 5))/1. Let h = 216 + m. List the prime factors of h.
5, 11
Suppose -10*c + 5*c - 4689 = -r, -5*c = -5*r + 23565. What are the prime factors of r?
3, 11, 13
Let u(k) be the third derivative of -7*k**6/120 - 7*k**5/60 - 11*k**4/24 - 5*k**3/6 - 108*k**2. What are the prime factors of u(-4)?
3, 5
Let s be 1 + 8590 - 9/(99/(-55)). Suppose -13*w - 15*w = -s. What are the prime factors of w?
307
Let a(w) = 3*w - 7. Let d(n) = -4*n + 7. Let u(f) = -3*a(f) - 2*d(f). Let r be u(7). Suppose -5*y + 89 + 76 = r. What are the prime factors of y?
3, 11
List the prime factors of -463 - -4466 - 1*16.
3, 443
Let m be 8 + -2 + 0/8. Suppose -a + 2*y = 25, 3*y = -5*a - 57 - 81. What are the prime factors of (a/m + 3)*1*-56?
2, 3, 7
Let j = 22551 + -11378. List the prime factors of j.
11173
Let m(c) = -2*c - 1. Let s(h) = 26*h - 6. Let b(j) = 5*m(j) - s(j). Let z = -19 + 17. What are the prime factors of b(z)?
73
Let u be (-21)/(-6)*-1 + 2/(-4). List the prime factors of ((-1942)/u)/((-54)/(-108)).
971
Suppose 0 = -2*u + 5*t - 15, 4*t - 24 = -5*u + 21. Suppose -17*f - u*f = -12672. List the prime factors of f.
2, 3
Suppose -4*u + 62 = -o, 2*u = -u + 3*o + 42. Let z(k) = k**3 - 15*k**2 - 13*k - 39. Let b be z(u). Suppose -1470 = -5*m - b*m. Li